r?
True
Let x = 4575 + -712. Is x composite?
False
Let l = 1792 - -255. Is l a prime number?
False
Suppose -5*w + 22732 = -n, 19*n + 9085 = 2*w + 16*n. Is w composite?
False
Let h(f) = -f - 48. Suppose -7*u - 5*m = -3*u - 5, 2*m - 2 = 4*u. Let j be h(u). Is 436/6*j/(-32) a composite number?
False
Suppose -8*h = -4*h - 12. Let o be 5651/h - (-4)/12. Is (-1)/2*o/(-6) a prime number?
True
Suppose -45*z = -16*z - 150481. Is z a prime number?
True
Let u = -2 - -3. Suppose -3*k + u = 7, -s + 5*k = 6. Is s/8 - (-2 + -301) composite?
True
Let z(a) = -12*a + 4. Let h(g) = 0 + 3 - 11*g + 0. Let b(o) = -7*h(o) + 6*z(o). Is b(10) composite?
False
Is 29518 - 13/(-39)*(1 - -2) composite?
True
Suppose 0*m - 17 = 2*l - 3*m, 4*l + 19 = 3*m. Let d(i) = 1062*i**2 - 1. Is d(l) prime?
True
Suppose p = 3*t - 0*p + 3, -5*t + 3 = p. Is 35 + t + (10/(-5) - -4) prime?
True
Let i be (-1 + -17)/(0 + 2). Let p(u) = -14*u**3 + 1. Let f be p(-1). Let n = i + f. Is n composite?
True
Let s(i) = i**2 + 8*i - 12. Let z(q) = -11*q + 1. Let h be z(1). Let r be s(h). Suppose 6*u = r*u - 710. Is u composite?
True
Let z be 22/5*(-20)/(-32)*4. Let f(s) = 5*s + 51. Is f(z) prime?
False
Let x be (1/(-5) - (-5)/25)/(-3). Suppose x = 3*u - 4*z - 4965 + 1176, -3*z - 2527 = -2*u. Is u a composite number?
False
Let d = 25017 + 4240. Is d a composite number?
True
Let q(j) = 87*j + 49. Suppose -49*g + 42 = -42*g. Is q(g) composite?
False
Let w(a) = -144*a**3 + 4*a**2 - 3*a. Is w(-2) a prime number?
False
Suppose -b + 4*u = -2163, 0 = -b - 2*u + u + 2183. Let r = b + -248. Is r prime?
True
Suppose y - 10316 = -3*y. Let c = -1539 + y. Let w = -163 + c. Is w prime?
True
Is (-4)/(-2) + (7184 - 3) a composite number?
True
Suppose 0 = 25*w + 46059 - 164584. Is w a composite number?
True
Let l = -27 + 32. Suppose 3*h = -3*f - 20 + l, 2*h + 4*f + 8 = 0. Is ((-212)/(-12))/((-2)/h) prime?
True
Let n(y) = 63*y**2 - 2*y - 4. Let r be n(3). Suppose -2*z - r = -i, -2*i - i - 4*z = -1661. Suppose d + 4*d = i. Is d a prime number?
False
Suppose 23*r - 45 = 20*r. Suppose 2164 = r*v - 2231. Is v composite?
False
Is ((-61481)/(-1))/(-96 - -97) a composite number?
True
Let t = -131 - -17128. Is t prime?
False
Suppose -2*s = -3*z + 5, -4*s - 3*z + 2*z + 25 = 0. Suppose -6 = -s*r + 4. Suppose -839 = -2*v - r*d - d, 0 = -v - 3*d + 412. Is v a composite number?
True
Suppose -30*j - 548 = -3038. Is j a prime number?
True
Suppose 148976 = 124*c - 108*c. Is c a composite number?
False
Let j(h) = -3*h. Let w be j(-1). Let k(n) = -10*n + 26. Let f be k(6). Let q = w - f. Is q prime?
True
Let v(l) = -5 + 7 - 1 - 14*l. Suppose b - 50 = 6*b. Is v(b) a composite number?
True
Let m = 117 + -4. Is m prime?
True
Suppose 8*h = 3*h + 10. Suppose -d - 3 = -h*d. Is 12 - d*(-2)/(-3) composite?
True
Suppose 3*r = 21 - 192. Is (r/38)/(2/((-6884)/3)) a prime number?
True
Let q be (-13)/39 + (-4496)/(-6). Let h = -58 + q. Is h a composite number?
False
Let n = -182 + 116. Let c be -2 + -274*(-3)/6. Let a = c + n. Is a prime?
False
Let s(m) = -m - 6. Let w be s(-9). Suppose 5*n = 3*o + 136 - 1539, 3*o - w*n = 1413. Suppose 2*g - b + 39 = 230, -b - o = -5*g. Is g a prime number?
False
Let x(i) = 7*i + 2479. Is x(0) prime?
False
Suppose 8 = -b + 3*b. Suppose -2*k + b*k = 5*f - 21, 11 = f + 3*k. Suppose f*x + 87 - 352 = 0. Is x a composite number?
False
Let c(f) = -2*f - 3. Let u be c(7). Let g = 14 + u. Let q(a) = -2*a**3 - a**2 - 2. Is q(g) a composite number?
False
Is ((-134345)/(-25))/((-21)/(-105)) composite?
True
Is 2/4 + 341156/232 a prime number?
True
Suppose 0 = 4*s + s - 820. Suppose -b - s = 3*b. Let k = b - -64. Is k composite?
False
Suppose -4*a + 0*g + 760 = 4*g, 530 = 3*a - 5*g. Is a composite?
True
Let x be (-3 - 2 - 3)/1. Let k be (-4)/x + (-6)/4. Let v(y) = -506*y**3 - 2*y**2 + 1. Is v(k) a prime number?
False
Let r = 1602 + 4645. Is r a prime number?
True
Let v(y) = 9*y**2 - y - 5. Suppose 2*f = 3 - 5. Let c be (1/f + -3)*1. Is v(c) composite?
True
Let y(b) = b**2 + 6*b + 2. Let v be y(-6). Is 2876/12*(v - -1) a composite number?
False
Let j(c) = 8*c**3 + 3*c**2 - 2*c + 5. Let l be j(-4). Let s = l - -638. Let k = -81 + s. Is k composite?
True
Let q = -65 - -37. Is 16/q + (-2237)/(-7) prime?
False
Let t(l) = 2*l + 10. Let v be t(-8). Let j be (-852)/9*v/4. Suppose -4*o - j = -5*o. Is o prime?
False
Suppose 5*x + 103 = -o - 292, 5*o = 3*x - 1891. Let m = o - -627. Is m a composite number?
True
Suppose t + 3*t = -s + 22, 0 = -5*s + 2*t. Suppose -6*z + 2*z - 216 = -2*m, -s*m - 2*z + 204 = 0. Let x = -46 + m. Is x a composite number?
True
Let a(y) = 23*y + 19643. Is a(0) prime?
False
Let g = 4401 + -2088. Suppose -7*n + 8060 = g. Is n a composite number?
False
Suppose 0 = -5*s - 10, 5*d + 5*s = -3 - 2. Let z(l) = -477*l**2. Let w be z(d). Let f = -210 - w. Is f a prime number?
False
Let j = 5691 - 3958. Is j composite?
False
Let z = -5346 - -8935. Is z prime?
False
Suppose 0 = -42*v + 8*v + 182206. Is v prime?
False
Let k(p) = -4*p - 17. Let c be k(-5). Let s = -5 - -7. Suppose -s*q - c + 240 = 3*u, 4*u - 316 = -5*q. Is u composite?
False
Let o = -13936 - -23457. Is o composite?
False
Let v(n) = 9804*n + 83. Is v(5) composite?
False
Suppose 17*k - 10 = 12*k. Suppose 0 = 3*o - k*o - 167. Is o a prime number?
True
Let h = 8615 + -5354. Is h composite?
True
Let o(r) = -440*r + 87. Is o(-4) a composite number?
False
Let v(r) = -53*r**3 + 2*r**2 + 14*r - 15. Is v(-8) a prime number?
False
Let r = 2151 - 1417. Is r composite?
True
Let l(o) = 0*o**2 + 8*o**2 + 15*o + 7 + 10*o**2 + 0*o**2. Is l(-6) prime?
False
Is 4742*(26/36 - 8/36) prime?
True
Let j(l) = -10*l**3 + l**2 - 5*l - 3. Let o be 40/(-24)*3 - (-1 + 0). Is j(o) composite?
False
Let u = -114 - -114. Let c(q) = 8*q + 6081. Is c(u) composite?
True
Let c = -4 + 1. Let t = -1083 + 1080. Is 4 + t - c*35 prime?
False
Suppose -5*g = -3*l - 354685, 4*g + l = -53021 + 336769. Is g composite?
False
Let a be (-2326)/(-18) + -5 + (-86)/(-18). Is a + (-1 + 1)*2/4 a composite number?
True
Let l = -8 - -12. Suppose -6*a + 2*a = 5*f - 295, l*f = 5*a - 420. Suppose i = a + 69. Is i a prime number?
True
Let c(k) = k**3 + 5*k**2 + 3. Let f be c(-5). Suppose -n + f*r - 1 = 0, -r + 0*r = -4*n + 29. Is (-269)/(-4) + (-2)/n a composite number?
False
Suppose 8*n - 57 - 1679 = 0. Suppose 0 = -6*l + 1483 - n. Is l a prime number?
True
Let l = -10 - 112. Let o be 15 + ((-2)/(-8) - (-15)/(-12)). Is (o - 16) + l/(-2) a composite number?
False
Let t(i) be the third derivative of i**6/120 + 7*i**5/60 + 5*i**4/24 + 5*i**3/6 - 14*i**2. Suppose -12 = 3*s - s. Is t(s) a composite number?
False
Suppose 6*p = v + 10*p + 29, -2*p = 10. Is -7 + 92652/54 + (-2)/v a prime number?
True
Suppose 2*j + 6 = 0, 0 = -5*s - j + 4*j + 4909. Suppose -3*g + 725 = -5*p + p, -4*g + s = -2*p. Is g composite?
True
Let y be (-154)/(-28) - 2/(-4). Let b(d) = -d**3 + 6*d**2 + 2*d - 6. Let j be b(y). Let v(f) = 16*f**2 - 5*f + 7. Is v(j) prime?
False
Let c = 19 + -24. Is ((-30)/c)/((-4)/(-554)) a composite number?
True
Let n(x) = 2*x - 6. Let y be n(4). Suppose 90 - 755 = -3*u - m, -5*m = -y*u + 466. Is u a prime number?
True
Suppose 8 - 10 = 2*b. Is (703 - (b - -3)) + (-6)/(-3) composite?
True
Suppose 3*t = -3*u + 26511, 5*u - 2*t - t = 44161. Is (1 + 1)*u/28 prime?
True
Let h be (-3)/(-2) + (-2)/(-4). Suppose -r + 0*r + 679 = -h*i, -4*r = 2*i - 2686. Is r a prime number?
True
Let f(o) be the second derivative of -3*o - 11/2*o**2 + 13/3*o**3 + 0. Is f(9) a composite number?
False
Suppose -7*b = -5*b - 1478. Suppose 13*g - 12*g = b. Is g composite?
False
Let r = 26 - 23. Let z = r + -3. Suppose 155 = w - z. Is w a composite number?
True
Let y(s) = 435*s - 373. Is y(41) composite?
True
Let r(z) = z**2 + 16*z - 36. Let m(w) = w**2. Let h(n) = 2*m(n) + r(n). Is h(17) a prime number?
True
Let r be -1 + 3 + -1 + 3. Suppose -4*h - 357 = -3*a - 1199, -h - 3*a = -203. Suppose 2*u + 2833 + h = r*o, -4*o + 3041 = -3*u. Is o a prime number?
True
Is 2 - (12/42 + (-69715)/7) composite?
True
Suppose -2*x + 15*x - 33917 = 0. Is x prime?
True
Let m = 15863 - 5494. Is m prime?
True
Let z be 42413/28 + 3/12. Suppose -2*a = -5*s + 2683, -4*s + z = -a - 632. Is s a composite number?
True
Suppose s = -5*v - 12621, 2*v - 3*v + 3*s = 2537. Is 1*(v/(-